{"id":1378,"date":"2024-07-15T15:42:06","date_gmt":"2024-07-15T13:42:06","guid":{"rendered":"https:\/\/masdelasabatera.com\/botiga\/sin%20categor\u00eda\/cap-amunt\/"},"modified":"2026-02-13T10:31:25","modified_gmt":"2026-02-13T09:31:25","slug":"cap-amunt","status":"publish","type":"product","link":"https:\/\/masdelasabatera.com\/es\/botiga\/km4-es\/cap-amunt\/","title":{"rendered":"Cap amunt"},"content":{"rendered":"<h3><span style=\"color: #ff693f;\">Cosecha 2025<\/span><\/h3>\n<p> Variedad: 100%<br \/>Trepat Alcohol: 12%<br \/>Producci\u00f3n: 1.188 botellas <\/p>\n<h3><span style=\"color: #ff693f;\">Vi\u00f1edo<\/span><\/h3>\n<p> 41\u00b022&#8217;22.9&#8243;N 1\u00b012&#8217;46.5&#8243;E<br \/>Suelo Arcilla<br \/>Altura 420 m.<br \/>Edad de las cepas 9 a\u00f1os<br \/>Certificaci\u00f3n ecol\u00f3gica CCPAE  <\/p>\n<h3><span style=\"color: #ff693f;\">Vinificaci\u00f3n<\/span><\/h3>\n<p> Vendimia manual<br \/>Prensado directo<br \/>Levadura aut\u00f3ctona<br \/> <img decoding=\"async\" class=\"alignnone wp-image-254\" src=\"https:\/\/masdelasabatera.com\/wp-content\/uploads\/2024\/07\/logo-km4-msabatera-266x300.png\" alt=\"\" width=\"59\" height=\"67\" srcset=\"https:\/\/masdelasabatera.com\/wp-content\/uploads\/2024\/07\/logo-km4-msabatera-266x300.png 266w, https:\/\/masdelasabatera.com\/wp-content\/uploads\/2024\/07\/logo-km4-msabatera.png 500w\" sizes=\"(max-width: 59px) 100vw, 59px\" \/>     <img decoding=\"async\" class=\"alignnone wp-image-1034\" src=\"https:\/\/masdelasabatera.com\/wp-content\/uploads\/2024\/07\/logo-do-conca-barbera-300x215.png\" alt=\"\" width=\"98\" height=\"70\" srcset=\"https:\/\/masdelasabatera.com\/wp-content\/uploads\/2024\/07\/logo-do-conca-barbera-300x215.png 300w, https:\/\/masdelasabatera.com\/wp-content\/uploads\/2024\/07\/logo-do-conca-barbera.png 600w\" sizes=\"(max-width: 98px) 100vw, 98px\" \/><\/p>\n","protected":false},"excerpt":{"rendered":"<p><strong>Botella de vino <em>Cap Amunt<\/em><\/strong><\/p>\n<p>En el Km.4 encontramos Mas de la Sabatera y tres parcelas a su alrededor de las cuales nacen estos tres vinos. Nuestro Trepat, Pinot Noir y Chardonnay representan la esencia de lo que nos rodea y de lo que buscamos en el vino: \u00a1<strong>Naturalidad<\/strong>, frescor y car\u00e1cter!<\/p>\n<p><strong>Cap Amunt<\/strong>, \u201chacia arriba\u201d en catal\u00e1n, direcci\u00f3n a Prenafeta y rodeado de bosque y de un desfiladero de arcilla, encontramos nuestras vi\u00f1as jovenes de <strong>Trepat<\/strong>. Con estas uvas de Trepat decidimos buscar una expresi\u00f3n natural y pura de esta variedad aut\u00f3ctona. Esto lo conseguimos separando las pieles del mosto r\u00e1pidamente con un prensado directo, dando as\u00ed como resultado un Trepat muy fresco con notas de frambuesas, hierbas silvestres i un final mineral. \u00a1R\u00fastico y salvaje!    <\/p>\n","protected":false},"featured_media":1039,"template":"","meta":[],"product_brand":[],"product_cat":[58],"product_tag":[],"class_list":{"0":"post-1378","1":"product","2":"type-product","3":"status-publish","4":"has-post-thumbnail","6":"product_cat-km4-es","8":"first","9":"instock","10":"shipping-taxable","11":"purchasable","12":"product-type-simple"},"yoast_head":"<!-- This site is optimized with the Yoast SEO plugin v27.2 - https:\/\/yoast.com\/product\/yoast-seo-wordpress\/ -->\n<title>Cap amunt - Mas de la Sabatera<\/title>\n<meta name=\"robots\" content=\"index, follow, max-snippet:-1, max-image-preview:large, max-video-preview:-1\" \/>\n<link rel=\"canonical\" href=\"https:\/\/masdelasabatera.com\/es\/botiga\/km4-es\/cap-amunt\/\" \/>\n<meta property=\"og:locale\" content=\"es_ES\" \/>\n<meta property=\"og:type\" content=\"article\" \/>\n<meta property=\"og:title\" content=\"Cap amunt - Mas de la Sabatera\" \/>\n<meta property=\"og:description\" content=\"Botella de vino Cap AmuntEn el Km.4 encontramos Mas de la Sabatera y tres parcelas a su alrededor de las cuales nacen estos tres vinos. Nuestro Trepat, Pinot Noir y Chardonnay representan la esencia de lo que nos rodea y de lo que buscamos en el vino: \u00a1Naturalidad, frescor y car\u00e1cter!Cap Amunt, \u201chacia arriba\u201d en catal\u00e1n, direcci\u00f3n a Prenafeta y rodeado de bosque y de un desfiladero de arcilla, encontramos nuestras vi\u00f1as jovenes de Trepat. Con estas uvas de Trepat decidimos buscar una expresi\u00f3n natural y pura de esta variedad aut\u00f3ctona. Esto lo conseguimos separando las pieles del mosto r\u00e1pidamente con un prensado directo, dando as\u00ed como resultado un Trepat muy fresco con notas de frambuesas, hierbas silvestres i un final mineral. \u00a1R\u00fastico y salvaje!\" \/>\n<meta property=\"og:url\" content=\"https:\/\/masdelasabatera.com\/es\/botiga\/km4-es\/cap-amunt\/\" \/>\n<meta property=\"og:site_name\" content=\"Mas de la Sabatera\" \/>\n<meta property=\"article:modified_time\" content=\"2026-02-13T09:31:25+00:00\" \/>\n<meta property=\"og:image\" content=\"https:\/\/masdelasabatera.com\/wp-content\/uploads\/2024\/07\/vins-cap-amunt-01_ft.jpg\" \/>\n\t<meta property=\"og:image:width\" content=\"1200\" \/>\n\t<meta property=\"og:image:height\" content=\"1200\" \/>\n\t<meta property=\"og:image:type\" content=\"image\/jpeg\" \/>\n<meta name=\"twitter:card\" content=\"summary_large_image\" \/>\n<meta name=\"twitter:label1\" content=\"Tiempo de lectura\" \/>\n\t<meta name=\"twitter:data1\" content=\"1 minuto\" \/>\n<script type=\"application\/ld+json\" class=\"yoast-schema-graph\">{\"@context\":\"https:\/\/schema.org\",\"@graph\":[{\"@type\":\"WebPage\",\"@id\":\"https:\/\/masdelasabatera.com\/es\/botiga\/km4-es\/cap-amunt\/\",\"url\":\"https:\/\/masdelasabatera.com\/es\/botiga\/km4-es\/cap-amunt\/\",\"name\":\"Cap amunt - Mas de la Sabatera\",\"isPartOf\":{\"@id\":\"https:\/\/masdelasabatera.com\/es\/#website\"},\"primaryImageOfPage\":{\"@id\":\"https:\/\/masdelasabatera.com\/es\/botiga\/km4-es\/cap-amunt\/#primaryimage\"},\"image\":{\"@id\":\"https:\/\/masdelasabatera.com\/es\/botiga\/km4-es\/cap-amunt\/#primaryimage\"},\"thumbnailUrl\":\"https:\/\/masdelasabatera.com\/wp-content\/uploads\/2024\/07\/vins-cap-amunt-01_ft.jpg\",\"datePublished\":\"2024-07-15T13:42:06+00:00\",\"dateModified\":\"2026-02-13T09:31:25+00:00\",\"breadcrumb\":{\"@id\":\"https:\/\/masdelasabatera.com\/es\/botiga\/km4-es\/cap-amunt\/#breadcrumb\"},\"inLanguage\":\"es\",\"potentialAction\":[{\"@type\":\"ReadAction\",\"target\":[\"https:\/\/masdelasabatera.com\/es\/botiga\/km4-es\/cap-amunt\/\"]}]},{\"@type\":\"ImageObject\",\"inLanguage\":\"es\",\"@id\":\"https:\/\/masdelasabatera.com\/es\/botiga\/km4-es\/cap-amunt\/#primaryimage\",\"url\":\"https:\/\/masdelasabatera.com\/wp-content\/uploads\/2024\/07\/vins-cap-amunt-01_ft.jpg\",\"contentUrl\":\"https:\/\/masdelasabatera.com\/wp-content\/uploads\/2024\/07\/vins-cap-amunt-01_ft.jpg\",\"width\":1200,\"height\":1200},{\"@type\":\"BreadcrumbList\",\"@id\":\"https:\/\/masdelasabatera.com\/es\/botiga\/km4-es\/cap-amunt\/#breadcrumb\",\"itemListElement\":[{\"@type\":\"ListItem\",\"position\":1,\"name\":\"Inici\",\"item\":\"https:\/\/masdelasabatera.com\/es\/mas-de-la-sabatera\/\"},{\"@type\":\"ListItem\",\"position\":2,\"name\":\"Productos\",\"item\":\"https:\/\/masdelasabatera.com\/es\/shop\/\"},{\"@type\":\"ListItem\",\"position\":3,\"name\":\"Cap amunt\"}]},{\"@type\":\"WebSite\",\"@id\":\"https:\/\/masdelasabatera.com\/es\/#website\",\"url\":\"https:\/\/masdelasabatera.com\/es\/\",\"name\":\"Mas de la Sabatera\",\"description\":\"\",\"publisher\":{\"@id\":\"https:\/\/masdelasabatera.com\/es\/#organization\"},\"potentialAction\":[{\"@type\":\"SearchAction\",\"target\":{\"@type\":\"EntryPoint\",\"urlTemplate\":\"https:\/\/masdelasabatera.com\/es\/?s={search_term_string}\"},\"query-input\":{\"@type\":\"PropertyValueSpecification\",\"valueRequired\":true,\"valueName\":\"search_term_string\"}}],\"inLanguage\":\"es\"},{\"@type\":\"Organization\",\"@id\":\"https:\/\/masdelasabatera.com\/es\/#organization\",\"name\":\"Mas de la Sabatera\",\"url\":\"https:\/\/masdelasabatera.com\/es\/\",\"logo\":{\"@type\":\"ImageObject\",\"inLanguage\":\"es\",\"@id\":\"https:\/\/masdelasabatera.com\/es\/#\/schema\/logo\/image\/\",\"url\":\"https:\/\/masdelasabatera.com\/wp-content\/uploads\/2024\/02\/logo-mas-sabatera-copa-torre.png\",\"contentUrl\":\"https:\/\/masdelasabatera.com\/wp-content\/uploads\/2024\/02\/logo-mas-sabatera-copa-torre.png\",\"width\":800,\"height\":1049,\"caption\":\"Mas de la Sabatera\"},\"image\":{\"@id\":\"https:\/\/masdelasabatera.com\/es\/#\/schema\/logo\/image\/\"}}]}<\/script>\n<!-- \/ Yoast SEO plugin. -->","yoast_head_json":{"title":"Cap amunt - Mas de la Sabatera","robots":{"index":"index","follow":"follow","max-snippet":"max-snippet:-1","max-image-preview":"max-image-preview:large","max-video-preview":"max-video-preview:-1"},"canonical":"https:\/\/masdelasabatera.com\/es\/botiga\/km4-es\/cap-amunt\/","og_locale":"es_ES","og_type":"article","og_title":"Cap amunt - Mas de la Sabatera","og_description":"Botella de vino Cap AmuntEn el Km.4 encontramos Mas de la Sabatera y tres parcelas a su alrededor de las cuales nacen estos tres vinos. Nuestro Trepat, Pinot Noir y Chardonnay representan la esencia de lo que nos rodea y de lo que buscamos en el vino: \u00a1Naturalidad, frescor y car\u00e1cter!Cap Amunt, \u201chacia arriba\u201d en catal\u00e1n, direcci\u00f3n a Prenafeta y rodeado de bosque y de un desfiladero de arcilla, encontramos nuestras vi\u00f1as jovenes de Trepat. Con estas uvas de Trepat decidimos buscar una expresi\u00f3n natural y pura de esta variedad aut\u00f3ctona. Esto lo conseguimos separando las pieles del mosto r\u00e1pidamente con un prensado directo, dando as\u00ed como resultado un Trepat muy fresco con notas de frambuesas, hierbas silvestres i un final mineral. \u00a1R\u00fastico y salvaje!","og_url":"https:\/\/masdelasabatera.com\/es\/botiga\/km4-es\/cap-amunt\/","og_site_name":"Mas de la Sabatera","article_modified_time":"2026-02-13T09:31:25+00:00","og_image":[{"width":1200,"height":1200,"url":"https:\/\/masdelasabatera.com\/wp-content\/uploads\/2024\/07\/vins-cap-amunt-01_ft.jpg","type":"image\/jpeg"}],"twitter_card":"summary_large_image","twitter_misc":{"Tiempo de lectura":"1 minuto"},"schema":{"@context":"https:\/\/schema.org","@graph":[{"@type":"WebPage","@id":"https:\/\/masdelasabatera.com\/es\/botiga\/km4-es\/cap-amunt\/","url":"https:\/\/masdelasabatera.com\/es\/botiga\/km4-es\/cap-amunt\/","name":"Cap amunt - Mas de la Sabatera","isPartOf":{"@id":"https:\/\/masdelasabatera.com\/es\/#website"},"primaryImageOfPage":{"@id":"https:\/\/masdelasabatera.com\/es\/botiga\/km4-es\/cap-amunt\/#primaryimage"},"image":{"@id":"https:\/\/masdelasabatera.com\/es\/botiga\/km4-es\/cap-amunt\/#primaryimage"},"thumbnailUrl":"https:\/\/masdelasabatera.com\/wp-content\/uploads\/2024\/07\/vins-cap-amunt-01_ft.jpg","datePublished":"2024-07-15T13:42:06+00:00","dateModified":"2026-02-13T09:31:25+00:00","breadcrumb":{"@id":"https:\/\/masdelasabatera.com\/es\/botiga\/km4-es\/cap-amunt\/#breadcrumb"},"inLanguage":"es","potentialAction":[{"@type":"ReadAction","target":["https:\/\/masdelasabatera.com\/es\/botiga\/km4-es\/cap-amunt\/"]}]},{"@type":"ImageObject","inLanguage":"es","@id":"https:\/\/masdelasabatera.com\/es\/botiga\/km4-es\/cap-amunt\/#primaryimage","url":"https:\/\/masdelasabatera.com\/wp-content\/uploads\/2024\/07\/vins-cap-amunt-01_ft.jpg","contentUrl":"https:\/\/masdelasabatera.com\/wp-content\/uploads\/2024\/07\/vins-cap-amunt-01_ft.jpg","width":1200,"height":1200},{"@type":"BreadcrumbList","@id":"https:\/\/masdelasabatera.com\/es\/botiga\/km4-es\/cap-amunt\/#breadcrumb","itemListElement":[{"@type":"ListItem","position":1,"name":"Inici","item":"https:\/\/masdelasabatera.com\/es\/mas-de-la-sabatera\/"},{"@type":"ListItem","position":2,"name":"Productos","item":"https:\/\/masdelasabatera.com\/es\/shop\/"},{"@type":"ListItem","position":3,"name":"Cap amunt"}]},{"@type":"WebSite","@id":"https:\/\/masdelasabatera.com\/es\/#website","url":"https:\/\/masdelasabatera.com\/es\/","name":"Mas de la Sabatera","description":"","publisher":{"@id":"https:\/\/masdelasabatera.com\/es\/#organization"},"potentialAction":[{"@type":"SearchAction","target":{"@type":"EntryPoint","urlTemplate":"https:\/\/masdelasabatera.com\/es\/?s={search_term_string}"},"query-input":{"@type":"PropertyValueSpecification","valueRequired":true,"valueName":"search_term_string"}}],"inLanguage":"es"},{"@type":"Organization","@id":"https:\/\/masdelasabatera.com\/es\/#organization","name":"Mas de la Sabatera","url":"https:\/\/masdelasabatera.com\/es\/","logo":{"@type":"ImageObject","inLanguage":"es","@id":"https:\/\/masdelasabatera.com\/es\/#\/schema\/logo\/image\/","url":"https:\/\/masdelasabatera.com\/wp-content\/uploads\/2024\/02\/logo-mas-sabatera-copa-torre.png","contentUrl":"https:\/\/masdelasabatera.com\/wp-content\/uploads\/2024\/02\/logo-mas-sabatera-copa-torre.png","width":800,"height":1049,"caption":"Mas de la Sabatera"},"image":{"@id":"https:\/\/masdelasabatera.com\/es\/#\/schema\/logo\/image\/"}}]}},"_links":{"self":[{"href":"https:\/\/masdelasabatera.com\/es\/wp-json\/wp\/v2\/product\/1378","targetHints":{"allow":["GET"]}}],"collection":[{"href":"https:\/\/masdelasabatera.com\/es\/wp-json\/wp\/v2\/product"}],"about":[{"href":"https:\/\/masdelasabatera.com\/es\/wp-json\/wp\/v2\/types\/product"}],"wp:featuredmedia":[{"embeddable":true,"href":"https:\/\/masdelasabatera.com\/es\/wp-json\/wp\/v2\/media\/1039"}],"wp:attachment":[{"href":"https:\/\/masdelasabatera.com\/es\/wp-json\/wp\/v2\/media?parent=1378"}],"wp:term":[{"taxonomy":"product_brand","embeddable":true,"href":"https:\/\/masdelasabatera.com\/es\/wp-json\/wp\/v2\/product_brand?post=1378"},{"taxonomy":"product_cat","embeddable":true,"href":"https:\/\/masdelasabatera.com\/es\/wp-json\/wp\/v2\/product_cat?post=1378"},{"taxonomy":"product_tag","embeddable":true,"href":"https:\/\/masdelasabatera.com\/es\/wp-json\/wp\/v2\/product_tag?post=1378"}],"curies":[{"name":"wp","href":"https:\/\/api.w.org\/{rel}","templated":true}]}}

https://masdelasabatera.com/botiga/sin%20categoría/cap-amunt/

<h3><span style="color: #ff693f;">Cosecha 2025</span></h3>
<p> Variedad: 100%<br />Trepat Alcohol: 12%<br />Producción: 1.188 botellas </p>
<h3><span style="color: #ff693f;">Viñedo</span></h3>
<p> 41°22&#8217;22.9&#8243;N 1°12&#8217;46.5&#8243;E<br />Suelo Arcilla<br />Altura 420 m.<br />Edad de las cepas 9 años<br />Certificación ecológica CCPAE  </p>
<h3><span style="color: #ff693f;">Vinificación</span></h3>
<p> Vendimia manual<br />Prensado directo<br />Levadura autóctona<br /> <img decoding="async" class="alignnone wp-image-254" src="https://masdelasabatera.com/wp-content/uploads/2024/07/logo-km4-msabatera-266x300.png" alt="" width="59" height="67" srcset="https://masdelasabatera.com/wp-content/uploads/2024/07/logo-km4-msabatera-266x300.png 266w, https://masdelasabatera.com/wp-content/uploads/2024/07/logo-km4-msabatera.png 500w" sizes="(max-width: 59px) 100vw, 59px" />     <img decoding="async" class="alignnone wp-image-1034" src="https://masdelasabatera.com/wp-content/uploads/2024/07/logo-do-conca-barbera-300x215.png" alt="" width="98" height="70" srcset="https://masdelasabatera.com/wp-content/uploads/2024/07/logo-do-conca-barbera-300x215.png 300w, https://masdelasabatera.com/wp-content/uploads/2024/07/logo-do-conca-barbera.png 600w" sizes="(max-width: 98px) 100vw, 98px" /></p>

<p><strong>Botella de vino <em>Cap Amunt</em></strong></p>
<p>En el Km.4 encontramos Mas de la Sabatera y tres parcelas a su alrededor de las cuales nacen estos tres vinos. Nuestro Trepat, Pinot Noir y Chardonnay representan la esencia de lo que nos rodea y de lo que buscamos en el vino: ¡<strong>Naturalidad</strong>, frescor y carácter!</p>
<p><strong>Cap Amunt</strong>, “hacia arriba” en catalán, dirección a Prenafeta y rodeado de bosque y de un desfiladero de arcilla, encontramos nuestras viñas jovenes de <strong>Trepat</strong>. Con estas uvas de Trepat decidimos buscar una expresión natural y pura de esta variedad autóctona. Esto lo conseguimos separando las pieles del mosto rápidamente con un prensado directo, dando así como resultado un Trepat muy fresco con notas de frambuesas, hierbas silvestres i un final mineral. ¡Rústico y salvaje!    </p>

<!-- This site is optimized with the Yoast SEO plugin v27.2 - https://yoast.com/product/yoast-seo-wordpress/ -->
<title>Cap amunt - Mas de la Sabatera</title>
<meta name="robots" content="index, follow, max-snippet:-1, max-image-preview:large, max-video-preview:-1" />
<link rel="canonical" href="https://masdelasabatera.com/es/botiga/km4-es/cap-amunt/" />
<meta property="og:locale" content="es_ES" />
<meta property="og:type" content="article" />
<meta property="og:title" content="Cap amunt - Mas de la Sabatera" />
<meta property="og:description" content="Botella de vino Cap AmuntEn el Km.4 encontramos Mas de la Sabatera y tres parcelas a su alrededor de las cuales nacen estos tres vinos. Nuestro Trepat, Pinot Noir y Chardonnay representan la esencia de lo que nos rodea y de lo que buscamos en el vino: ¡Naturalidad, frescor y carácter!Cap Amunt, “hacia arriba” en catalán, dirección a Prenafeta y rodeado de bosque y de un desfiladero de arcilla, encontramos nuestras viñas jovenes de Trepat. Con estas uvas de Trepat decidimos buscar una expresión natural y pura de esta variedad autóctona. Esto lo conseguimos separando las pieles del mosto rápidamente con un prensado directo, dando así como resultado un Trepat muy fresco con notas de frambuesas, hierbas silvestres i un final mineral. ¡Rústico y salvaje!" />
<meta property="og:url" content="https://masdelasabatera.com/es/botiga/km4-es/cap-amunt/" />
<meta property="og:site_name" content="Mas de la Sabatera" />
<meta property="article:modified_time" content="2026-02-13T09:31:25+00:00" />
<meta property="og:image" content="https://masdelasabatera.com/wp-content/uploads/2024/07/vins-cap-amunt-01_ft.jpg" />
	<meta property="og:image:width" content="1200" />
	<meta property="og:image:height" content="1200" />
	<meta property="og:image:type" content="image/jpeg" />
<meta name="twitter:card" content="summary_large_image" />
<meta name="twitter:label1" content="Tiempo de lectura" />
	<meta name="twitter:data1" content="1 minuto" />
<script type="application/ld+json" class="yoast-schema-graph">{"@context":"https://schema.org","@graph":[{"@type":"WebPage","@id":"https://masdelasabatera.com/es/botiga/km4-es/cap-amunt/","url":"https://masdelasabatera.com/es/botiga/km4-es/cap-amunt/","name":"Cap amunt - Mas de la Sabatera","isPartOf":{"@id":"https://masdelasabatera.com/es/#website"},"primaryImageOfPage":{"@id":"https://masdelasabatera.com/es/botiga/km4-es/cap-amunt/#primaryimage"},"image":{"@id":"https://masdelasabatera.com/es/botiga/km4-es/cap-amunt/#primaryimage"},"thumbnailUrl":"https://masdelasabatera.com/wp-content/uploads/2024/07/vins-cap-amunt-01_ft.jpg","datePublished":"2024-07-15T13:42:06+00:00","dateModified":"2026-02-13T09:31:25+00:00","breadcrumb":{"@id":"https://masdelasabatera.com/es/botiga/km4-es/cap-amunt/#breadcrumb"},"inLanguage":"es","potentialAction":[{"@type":"ReadAction","target":["https://masdelasabatera.com/es/botiga/km4-es/cap-amunt/"]}]},{"@type":"ImageObject","inLanguage":"es","@id":"https://masdelasabatera.com/es/botiga/km4-es/cap-amunt/#primaryimage","url":"https://masdelasabatera.com/wp-content/uploads/2024/07/vins-cap-amunt-01_ft.jpg","contentUrl":"https://masdelasabatera.com/wp-content/uploads/2024/07/vins-cap-amunt-01_ft.jpg","width":1200,"height":1200},{"@type":"BreadcrumbList","@id":"https://masdelasabatera.com/es/botiga/km4-es/cap-amunt/#breadcrumb","itemListElement":[{"@type":"ListItem","position":1,"name":"Inici","item":"https://masdelasabatera.com/es/mas-de-la-sabatera/"},{"@type":"ListItem","position":2,"name":"Productos","item":"https://masdelasabatera.com/es/shop/"},{"@type":"ListItem","position":3,"name":"Cap amunt"}]},{"@type":"WebSite","@id":"https://masdelasabatera.com/es/#website","url":"https://masdelasabatera.com/es/","name":"Mas de la Sabatera","description":"","publisher":{"@id":"https://masdelasabatera.com/es/#organization"},"potentialAction":[{"@type":"SearchAction","target":{"@type":"EntryPoint","urlTemplate":"https://masdelasabatera.com/es/?s={search_term_string}"},"query-input":{"@type":"PropertyValueSpecification","valueRequired":true,"valueName":"search_term_string"}}],"inLanguage":"es"},{"@type":"Organization","@id":"https://masdelasabatera.com/es/#organization","name":"Mas de la Sabatera","url":"https://masdelasabatera.com/es/","logo":{"@type":"ImageObject","inLanguage":"es","@id":"https://masdelasabatera.com/es/#/schema/logo/image/","url":"https://masdelasabatera.com/wp-content/uploads/2024/02/logo-mas-sabatera-copa-torre.png","contentUrl":"https://masdelasabatera.com/wp-content/uploads/2024/02/logo-mas-sabatera-copa-torre.png","width":800,"height":1049,"caption":"Mas de la Sabatera"},"image":{"@id":"https://masdelasabatera.com/es/#/schema/logo/image/"}}]}</script>
<!-- / Yoast SEO plugin. -->

Botella de vino Cap AmuntEn el Km.4 encontramos Mas de la Sabatera y tres parcelas a su alrededor de las cuales nacen estos tres vinos. Nuestro Trepat, Pinot Noir y Chardonnay representan la esencia de lo que nos rodea y de lo que buscamos en el vino: ¡Naturalidad, frescor y carácter!Cap Amunt, “hacia arriba” en catalán, dirección a Prenafeta y rodeado de bosque y de un desfiladero de arcilla, encontramos nuestras viñas jovenes de Trepat. Con estas uvas de Trepat decidimos buscar una expresión natural y pura de esta variedad autóctona. Esto lo conseguimos separando las pieles del mosto rápidamente con un prensado directo, dando así como resultado un Trepat muy fresco con notas de frambuesas, hierbas silvestres i un final mineral. ¡Rústico y salvaje!
